actors of y(2).
2, 3, 11
Let x be (9 + -11)/((-2)/(-15)). Let f = 20 + x. Suppose -f*w + 26 + 63 = 3*k, -2*k = -4*w - 52. What are the prime factors of k?
2, 7
Let f = 5 + -1. Suppose v - 2*v + 5*g = -242, 0 = -5*v + 3*g + 1298. Suppose f*l = v - 38. What are the prime factors of l?
2, 7
Let i be 2 + (3 - 0 - 1). Let f = -81 - -132. Suppose -i*b = -b - f. List the prime factors of b.
17
Suppose 4*j - 409 = -3*y, -2*j + j = -2*y - 105. Let l = -43 + j. List the prime factors of l.
2, 3, 5
Suppose -2*d = 2*d + 4. Let n(f) = 32*f + 2. Let l be n(d). Let j = -10 - l. List the prime factors of j.
2, 5
Suppose 4*q = o + 29, -q = 5*o + 49 - 9. Let z be ((3 + o)/(-3))/1. Suppose -2*l + d + 77 = -0*d, 5*d - 59 = -z*l. What are the prime factors of l?
37
Suppose 0 = -y - 5*o + 24, 4*o = 4*y + y - 62. Suppose 0 = 8*v - y*v + 1068. List the prime factors of v.
2, 89
Let u(l) = -1 - l + l**2 + 2*l - 6*l**2 + 3*l**2 + 3*l**3. List the prime factors of u(3).
5, 13
Let q(c) = -c + 9. Let y be q(4). Suppose -447 = -y*g + t + t, 2*g + 2*t - 176 = 0. List the prime factors of g.
89
Let a = -5557 + 9919. What are the prime factors of a?
2, 3, 727
Suppose 5*i + 1279 = 3*k, 3*k - 429 = 2*k + i. What are the prime factors of k?
433
Let a(i) = 4*i - 11. Let z(g) = g - 1. Let t(r) = -a(r) + 5*z(r). Let o be t(-3). Suppose -2*y + 21 = d, 0 = 5*d + o*y - y - 65. List the prime factors of d.
11
Suppose 0 = 5*t - 2*n + 6, 4*t + 3*n + 3 = -11. Let z be 1/t + (-11)/(-2). What are the prime factors of z/(-25) - 21/(-5)?
2
Suppose m + 1 - 4 = 0. Suppose 0 = -z + 3*p - 21, 4*z + m*p + 72 = -87. Let o = -23 - z. List the prime factors of o.
13
Let v be (2/(-8))/((-4)/112). Let r(t) = 5*t - 11. List the prime factors of r(v).
2, 3
Let x(b) = 20*b**2 + 2*b + 2. Let a be x(4). Suppose 5*w - a = -v, 2*w + 7*v = 8*v + 139. List the prime factors of w.
67
Let s be -40*((-2 - -2) + -29). Let r be ((-1)/(-4))/(10/s). Suppose -4*o + 86 = -2*c, 3*o - 18 = 5*c + r. What are the prime factors of o?
2, 3
Let p be 1/(-2)*(0 - 2). Let w(d) be the first derivative of 31*d**2/2 - d - 49. What are the prime factors of w(p)?
2, 3, 5
What are the prime factors of (-3)/(45/6) - 46548/(-45)?
2, 11, 47
Let i be (-3)/(-6) + 3/(-2). Let r be (47*-2)/i + 1. Suppose 0 = -6*n + 229 + r. What are the prime factors of n?
2, 3
Let h be (19 + -18)/(2/(9 + 1)). Suppose 0 = -2*f - 3*i + 197, 99 + 397 = h*f + 4*i. What are the prime factors of f?
2, 5
Let k(p) = 19*p**3 - 1. Suppose -1 = -2*h - 3. Let x = 2 + h. What are the prime factors of k(x)?
2, 3
Let a(p) = 66*p - 7. Let g be a(-2). Let k = -90 - g. What are the prime factors of k?
7
Suppose 0 = 5*r - x - 291 + 47, 260 = 5*r - 5*x. Let w = 146 - r. List the prime factors of w.
2, 7
Let l = 26 - 29. Let f be (-9)/15*10/l. Suppose -t = -5*i - 4*t + 150, f*t = 5*i - 150. List the prime factors of i.
2, 3, 5
Let s(j) = 2*j**2 + j - 16. Let q be s(-4). Suppose q*o - 737 = 7. List the prime factors of o.
2, 31
Let p = 0 - -16. Let v be 2/3 + 26/6. Let t = p - v. List the prime factors of t.
11
Suppose 3*x = -4*o - 0*x + 285, -x + 287 = 4*o. Suppose q = w - 26, 4*w + 3*q = w + o. List the prime factors of -2*w*(-5)/10.
5
List the prime factors of (-3)/(-2) + (-6776)/(-16).
5, 17
Let z(k) = 43*k**2 - 9*k + 21. What are the prime factors of z(-6)?
3, 541
Let n = 135 - 23. Suppose -4*i = 4*c - n, 0 = -c - 4*i + 39 - 2. Suppose -s - 5*t + c = 0, -2*t = 5*s - 6*t - 183. List the prime factors of s.
5, 7
Let n = 127 + -89. Let i = -7 + n. List the prime factors of i.
31
Suppose 268 = 4*l - 532. Let c be 4/14 + l/35. Suppose -2*a - 40 = -c*a. What are the prime factors of a?
2, 5
Suppose -l - 4*l + 3*b - 20 = 0, -23 = -2*l - 5*b. What are the prime factors of 68/17 + l + 78?
3
Let t = -5 + 25. Suppose -4*v + t = -0*v. Suppose 4*a + 5*k = 22, 2*k - 4*k = -v*a + 11. List the prime factors of a.
3
Let p be 0/(6 - 4) - -4. Suppose 5*t = -u - 31 - 225, 106 = -2*t - p*u. Let n = -30 - t. List the prime factors of n.
3, 7
List the prime factors of (600/(-70) - -9)*455.
3, 5, 13
Suppose 5*o - 1826 = -b, -2*o = -3*o - b + 366. List the prime factors of o.
5, 73
What are the prime factors of 335 + ((-3)/(-15))/(4/(-20))?
2, 167
Let j = 131 - 127. Suppose 2*l - 388 = 5*b, 5*l = j*b - 457 + 1393. What are the prime factors of l?
2, 23
Let v = -5 - -10. What are the prime factors of (-3)/v - (-316)/10?
31
Suppose -74*f + 41*f = -41844. What are the prime factors of f?
2, 317
What are the prime factors of (3/9)/(6/4050)?
3, 5
Let b be 32/12 + 4/(-6). Let m = -18 + 20. Suppose m*t + b*t - 88 = 0. List the prime factors of t.
2, 11
Let o(d) be the second derivative of -11/2*d**2 + 0 + 1/12*d**4 + 7/3*d**3 - 3*d. What are the prime factors of o(-15)?
2
Let i(b) = 2*b**2 - 5*b + 15. What are the prime factors of i(21)?
2, 3, 11
Suppose -37*h - 851 + 35076 = 0. List the prime factors of h.
5, 37
Suppose 0 = -d - d + 4. Let c(q) be the third derivative of 3*q**4/4 - q**3/3 - 17*q**2. List the prime factors of c(d).
2, 17
Let l(s) be the first derivative of s**5/60 - 5*s**4/8 - 2*s**3/3 - 5. Let u(g) be the third derivative of l(g). List the prime factors of u(9).
3
Suppose -5*d = -2*d. Suppose -2*f + d*f + 252 = 0. Suppose 0 = i + 2*i - f. List the prime factors of i.
2, 3, 7
Let k(s) = -s**2 - 7*s - 7. Let y be k(-7). Let x = y + 13. List the prime factors of x.
2, 3
Suppose 4*z = -4*n + 20, 2*n + 5*z - 13 + 0 = 0. Suppose i - n = 6. What are the prime factors of i?
2, 5
Let l(c) be the third derivative of c**5/60 - 5*c**4/12 + c**3/2 + 7*c**2. List the prime factors of l(13).
2, 3, 7
Suppose -27*j = -25*j - 2108. What are the prime factors of j?
2, 17, 31
What are the prime factors of ((-732)/(-16))/((-9)/(-24))?
2, 61
Let p = -94 + 34. Let c(l) = -5*l + 1. Let a be c(3). List the prime factors of (-2)/7 + p/a.
2
Let q = 47 - 87. Let l = q - -42. What are the prime factors of l?
2
Let h(w) = -23*w - 20 + 5 + 26*w + 4*w**2. What are the prime factors of h(-5)?
2, 5, 7
Let w be (-190)/(-80) + (-3)/8. Suppose 0 = -w*h + 5*h - 9. What are the prime factors of 9*h - (11 - 10)?
2, 13
Let m(j) = -j**3 - 6*j**2 - 6*j + 8. Let s be m(-7). Suppose -2*h + 24 = -2*p - 0*p, 2*h - 28 = 3*p. List the prime factors of (s/(-12))/((-1)/h).
2, 3, 11
Let p(x) = -x**3 + 9*x**2 - 2*x + 23. Let m be p(9). Let u be (-14)/(-35) + 26/10. Suppose -m*k + 155 = -5*b, -u*k + 18 = b - 71. List the prime factors of k.
2, 3, 5
Let q = 2614 + -1573. What are the prime factors of q?
3, 347
Let g(x) = x**2 - 10*x + 9. Let j be g(7). Let a = 13 + j. Suppose 0 = -2*m - 5*l + 35 + a, 0 = 5*m - 3*l - 152. List the prime factors of m.
2, 7
Let u(f) = 2*f + 392. What are the prime factors of u(-15)?
2, 181
Suppose 4*b - 882 = -l, 3636 = 5*l - b - 816. List the prime factors of l.
2, 5, 89
Suppose -18 = 3*y - 12, -2*y + 427 = b. What are the prime factors of b?
431
List the prime factors of 590772/572 - 4/(-22).
1033
Suppose -180 = -4*t + 180. Suppose k + t = 2*a, -a - 3*k = k - 27. List the prime factors of a.
43
Suppose 22 = g + 5*s, -2*g - 7 + 57 = 4*s. Suppose -4*d + g = 5*d. List the prime factors of d.
3
Suppose 3*y - 9 + 30 = 5*l, 3*y - 6 = -4*l. Suppose 21 + 195 = a. Suppose a = l*b + b. List the prime factors of b.
2, 3
List the prime factors of 0/(6/2) + 1424/2.
2, 89
Let r(c) = -c**2 - 10*c - 12. Let b be r(-9). Let j(y) = -y**3 - 2*y**2 - 2*y + 3. Let k be j(b). Suppose k = 4*v - 42. What are the prime factors of v?
3, 5
Suppose 16*v - 39*v = -6762. What are the prime factors of v?
2, 3, 7
Suppose -2*l - 30 = 3*l. Let t be (-8)/(-16) + l/(-4). Let b = t - -1. What are the prime factors of b?
3
Let s be (2/7)/((-4)/(-28)). Let k(n) = -3*n**s - 2*n**2 + n - 7*n - 15 - n**3. What are the prime factors of k(-6)?
3, 19
Let o(k) = -k**2 + 9*k + 13. Let a be o(10). Suppose -a*p = 326 - 833. List the prime factors of p.
13
List the prime factors of (-45)/(8/(-44) + (-42)/(-594)).
3, 5
Let d = 157 + -39. List the prime factors of d.
2, 59
Let m(b) = -b + 5. Suppose -8 = -2*h - 3*n, 0 = 2*h + 2*n + 3*n - 16. Let g be h/(-3)*(-135)/10. What are the prime factors of m(g)?
2, 7
Suppose -i + 3 = -6. Suppose 0 = 2*o + 3*r - i - 2, 0 = -2*o + 4*r + 46. What are the prime factors of o?
13
Suppose -14*n + 10*n + x + 11404 = 0, -5*